{"id":1199,"date":"2020-04-07T14:47:34","date_gmt":"2020-04-07T12:47:34","guid":{"rendered":"https:\/\/emci.re\/?page_id=1199"},"modified":"2025-01-28T17:01:21","modified_gmt":"2025-01-28T13:01:21","slug":"pere-favron-institut-medico-social-de-saint-louis","status":"publish","type":"page","link":"https:\/\/emci.re\/?page_id=1199","title":{"rendered":"\u25ab\ufe0f Institut M\u00e9dico-social de Saint Louis &#8211; P\u00e8re Favron"},"content":{"rendered":"\n<p><strong>Mission <\/strong>: <\/p>\n\n\n\n<p>Mission de maitrise d\u2019\u0153uvre Structure pour la Reconstruction du P\u00f4le d&rsquo;Accueil continu de l\u2019Institut M\u00e9dico-Social de Saint Louis &#8211; R\u00e9union. <br>D\u00e9molition de 10 b\u00e2timents et reconstruction de plain-pied de 14 b\u00e2timents, qui accueilleront : <\/p>\n\n\n\n<ul class=\"wp-block-list\">\n<li>2 b\u00e2timents d\u00e9di\u00e9s \u00e0 l\u2019accueil et \u00e0 l\u2019administration,<\/li>\n\n\n\n<li>9 b\u00e2timents d\u00e9di\u00e9s \u00e0 l\u2019\u00e9ducation scolaire,<\/li>\n\n\n\n<li>1 b\u00e2timent d\u00e9di\u00e9 \u00e0 la restauration,<\/li>\n\n\n\n<li>1 b\u00e2timent d\u00e9di\u00e9 au personnel et \u00e0 la pr\u00e9paration des repas,<\/li>\n\n\n\n<li>1 b\u00e2timent d\u00e9di\u00e9 \u00e0 l\u2019internat.<\/li>\n<\/ul>\n\n\n\n<p><\/p>\n\n\n\n<p><strong>Montant Travaux HT<\/strong> : 4 000 000,00 \u20ac<\/p>\n\n\n\n<p><strong>Maitre d\u2019ouvrage &#8211; Architecte<\/strong> : Fondation P\u00e8re Favron \/ Mr PICHAN <\/p>\n\n\n\n<p><strong>Livraison<\/strong> : 2024<\/p>\n\n\n\n<p><strong>Secteur <\/strong>:  Sant\u00e9 <\/p>\n\n\n\n<!--more-->\n\n\n\n<figure class=\"wp-block-gallery has-nested-images columns-default is-cropped wp-block-gallery-1 is-layout-flex wp-block-gallery-is-layout-flex\">\n<figure class=\"wp-block-image size-large\"><img loading=\"lazy\" decoding=\"async\" width=\"1024\" height=\"545\" data-id=\"1200\" src=\"https:\/\/emci.re\/wp-content\/uploads\/2020\/04\/1entry-1024x545.jpeg\" alt=\"\" class=\"wp-image-1200\" srcset=\"https:\/\/emci.re\/wp-content\/uploads\/2020\/04\/1entry-1024x545.jpeg 1024w, https:\/\/emci.re\/wp-content\/uploads\/2020\/04\/1entry-300x160.jpeg 300w, https:\/\/emci.re\/wp-content\/uploads\/2020\/04\/1entry-768x409.jpeg 768w, https:\/\/emci.re\/wp-content\/uploads\/2020\/04\/1entry-1536x817.jpeg 1536w, https:\/\/emci.re\/wp-content\/uploads\/2020\/04\/1entry.jpeg 1757w\" sizes=\"auto, (max-width: 1024px) 100vw, 1024px\" \/><\/figure>\n\n\n\n<figure class=\"wp-block-image size-large\"><img loading=\"lazy\" decoding=\"async\" width=\"599\" height=\"209\" data-id=\"1201\" src=\"https:\/\/emci.re\/wp-content\/uploads\/2020\/04\/6entry.jpeg\" alt=\"\" class=\"wp-image-1201\" srcset=\"https:\/\/emci.re\/wp-content\/uploads\/2020\/04\/6entry.jpeg 599w, https:\/\/emci.re\/wp-content\/uploads\/2020\/04\/6entry-300x105.jpeg 300w\" sizes=\"auto, (max-width: 599px) 100vw, 599px\" \/><\/figure>\n\n\n\n<figure class=\"wp-block-image size-large\"><img loading=\"lazy\" decoding=\"async\" width=\"513\" height=\"341\" data-id=\"1202\" src=\"https:\/\/emci.re\/wp-content\/uploads\/2020\/04\/2entry.jpeg\" alt=\"\" class=\"wp-image-1202\" srcset=\"https:\/\/emci.re\/wp-content\/uploads\/2020\/04\/2entry.jpeg 513w, https:\/\/emci.re\/wp-content\/uploads\/2020\/04\/2entry-300x199.jpeg 300w, https:\/\/emci.re\/wp-content\/uploads\/2020\/04\/2entry-380x254.jpeg 380w, https:\/\/emci.re\/wp-content\/uploads\/2020\/04\/2entry-285x190.jpeg 285w\" sizes=\"auto, (max-width: 513px) 100vw, 513px\" \/><\/figure>\n<\/figure>\n\n\n\n<figure class=\"wp-block-gallery has-nested-images columns-default is-cropped wp-block-gallery-2 is-layout-flex wp-block-gallery-is-layout-flex\"><\/figure>\n\n\n\n<p><\/p>\n\n\n\n<p><\/p>\n<p>Views: 193<\/p>","protected":false},"excerpt":{"rendered":"<p>Mission : Mission de maitrise d\u2019\u0153uvre Structure pour la Reconstruction du P\u00f4le d&rsquo;Accueil continu de l\u2019Institut M\u00e9dico-Social de Saint Louis &#8211; R\u00e9union. D\u00e9molition de 10 b\u00e2timents et reconstruction de plain-pied de 14 b\u00e2timents, qui accueilleront : Montant Travaux HT : 4 000 000,00 \u20ac Maitre d\u2019ouvrage &#8211; Architecte : Fondation P\u00e8re Favron \/ Mr PICHAN<\/p>\n<p class=\"more-link\"><a href=\"https:\/\/emci.re\/?page_id=1199\" class=\"themebutton\">Read More<\/a><\/p>\n","protected":false},"author":2,"featured_media":2129,"parent":1098,"menu_order":3,"comment_status":"closed","ping_status":"closed","template":"","meta":{"footnotes":""},"folder":[16],"class_list":["post-1199","page","type-page","status-publish","has-post-thumbnail","hentry"],"_links":{"self":[{"href":"https:\/\/emci.re\/index.php?rest_route=\/wp\/v2\/pages\/1199","targetHints":{"allow":["GET"]}}],"collection":[{"href":"https:\/\/emci.re\/index.php?rest_route=\/wp\/v2\/pages"}],"about":[{"href":"https:\/\/emci.re\/index.php?rest_route=\/wp\/v2\/types\/page"}],"author":[{"embeddable":true,"href":"https:\/\/emci.re\/index.php?rest_route=\/wp\/v2\/users\/2"}],"replies":[{"embeddable":true,"href":"https:\/\/emci.re\/index.php?rest_route=%2Fwp%2Fv2%2Fcomments&post=1199"}],"version-history":[{"count":3,"href":"https:\/\/emci.re\/index.php?rest_route=\/wp\/v2\/pages\/1199\/revisions"}],"predecessor-version":[{"id":3717,"href":"https:\/\/emci.re\/index.php?rest_route=\/wp\/v2\/pages\/1199\/revisions\/3717"}],"up":[{"embeddable":true,"href":"https:\/\/emci.re\/index.php?rest_route=\/wp\/v2\/pages\/1098"}],"wp:featuredmedia":[{"embeddable":true,"href":"https:\/\/emci.re\/index.php?rest_route=\/wp\/v2\/media\/2129"}],"wp:attachment":[{"href":"https:\/\/emci.re\/index.php?rest_route=%2Fwp%2Fv2%2Fmedia&parent=1199"}],"wp:term":[{"taxonomy":"folder","embeddable":true,"href":"https:\/\/emci.re\/index.php?rest_route=%2Fwp%2Fv2%2Ffolder&post=1199"}],"curies":[{"name":"wp","href":"https:\/\/api.w.org\/{rel}","templated":true}]}}

▫️ Institut Médico-social de Saint Louis &#8211; Père Favron

<p><strong>Mission </strong>: </p>



<p>Mission de maitrise d’œuvre Structure pour la Reconstruction du Pôle d&rsquo;Accueil continu de l’Institut Médico-Social de Saint Louis &#8211; Réunion. <br>Démolition de 10 bâtiments et reconstruction de plain-pied de 14 bâtiments, qui accueilleront : </p>



<ul class="wp-block-list">
<li>2 bâtiments dédiés à l’accueil et à l’administration,</li>



<li>9 bâtiments dédiés à l’éducation scolaire,</li>



<li>1 bâtiment dédié à la restauration,</li>



<li>1 bâtiment dédié au personnel et à la préparation des repas,</li>



<li>1 bâtiment dédié à l’internat.</li>
</ul>



<p></p>



<p><strong>Montant Travaux HT</strong> : 4 000 000,00 €</p>



<p><strong>Maitre d’ouvrage &#8211; Architecte</strong> : Fondation Père Favron / Mr PICHAN </p>



<p><strong>Livraison</strong> : 2024</p>



<p><strong>Secteur </strong>:  Santé </p>



<!--more-->



<figure class="wp-block-gallery has-nested-images columns-default is-cropped wp-block-gallery-1 is-layout-flex wp-block-gallery-is-layout-flex">
<figure class="wp-block-image size-large"><img loading="lazy" decoding="async" width="1024" height="545" data-id="1200" src="https://emci.re/wp-content/uploads/2020/04/1entry-1024x545.jpeg" alt="" class="wp-image-1200" srcset="https://emci.re/wp-content/uploads/2020/04/1entry-1024x545.jpeg 1024w, https://emci.re/wp-content/uploads/2020/04/1entry-300x160.jpeg 300w, https://emci.re/wp-content/uploads/2020/04/1entry-768x409.jpeg 768w, https://emci.re/wp-content/uploads/2020/04/1entry-1536x817.jpeg 1536w, https://emci.re/wp-content/uploads/2020/04/1entry.jpeg 1757w" sizes="auto, (max-width: 1024px) 100vw, 1024px" /></figure>



<figure class="wp-block-image size-large"><img loading="lazy" decoding="async" width="599" height="209" data-id="1201" src="https://emci.re/wp-content/uploads/2020/04/6entry.jpeg" alt="" class="wp-image-1201" srcset="https://emci.re/wp-content/uploads/2020/04/6entry.jpeg 599w, https://emci.re/wp-content/uploads/2020/04/6entry-300x105.jpeg 300w" sizes="auto, (max-width: 599px) 100vw, 599px" /></figure>



<figure class="wp-block-image size-large"><img loading="lazy" decoding="async" width="513" height="341" data-id="1202" src="https://emci.re/wp-content/uploads/2020/04/2entry.jpeg" alt="" class="wp-image-1202" srcset="https://emci.re/wp-content/uploads/2020/04/2entry.jpeg 513w, https://emci.re/wp-content/uploads/2020/04/2entry-300x199.jpeg 300w, https://emci.re/wp-content/uploads/2020/04/2entry-380x254.jpeg 380w, https://emci.re/wp-content/uploads/2020/04/2entry-285x190.jpeg 285w" sizes="auto, (max-width: 513px) 100vw, 513px" /></figure>
</figure>



<figure class="wp-block-gallery has-nested-images columns-default is-cropped wp-block-gallery-2 is-layout-flex wp-block-gallery-is-layout-flex"></figure>



<p></p>



<p></p>
<p>Views: 193</p>

<p>Mission : Mission de maitrise d’œuvre Structure pour la Reconstruction du Pôle d&rsquo;Accueil continu de l’Institut Médico-Social de Saint Louis &#8211; Réunion. Démolition de 10 bâtiments et reconstruction de plain-pied de 14 bâtiments, qui accueilleront : Montant Travaux HT : 4 000 000,00 € Maitre d’ouvrage &#8211; Architecte : Fondation Père Favron / Mr PICHAN</p>
<p class="more-link"><a href="https://emci.re/?page_id=1199" class="themebutton">Read More</a></p>
