{"id":1209,"date":"2020-04-08T05:51:10","date_gmt":"2020-04-08T03:51:10","guid":{"rendered":"https:\/\/emci.re\/?page_id=1209"},"modified":"2024-08-20T16:38:18","modified_gmt":"2024-08-20T12:38:18","slug":"operation-portes-du-lagon-ii","status":"publish","type":"page","link":"https:\/\/emci.re\/?page_id=1209","title":{"rendered":"\u25aa\ufe0f Op\u00e9ration PORTES DU LAGON II"},"content":{"rendered":"\n<p><strong>Mission<\/strong> : Mission de maitrise d\u2019\u0153uvre Structure pour la construction de 118 logements&nbsp;: 46 LLTS collectifs, 54 PLS collectifs et 18 logements en accession &#8211; Saint Pierre &#8211; La R\u00e9union<\/p>\n\n\n\n<p>Les b\u00e2timents sont de type R+3+combles avec parc de stationnement g\u00e9n\u00e9ral en R-1. <\/p>\n\n\n\n<p><strong>Shob<\/strong> : 17 600 m2<br><strong>Montant Travaux HT <\/strong>: 12 500 000,00 \u20ac<br><strong>Maitre d\u2019ouvrage &#8211; Architecte<\/strong> :  SCI Sorec \/  L\u2019Atelier Didier BRACHET <br><strong>Livraison<\/strong> : 2020<\/p>\n\n\n\n<p><strong>Secteur<\/strong> :  B\u00e2timent \/ Logement<\/p>\n\n\n\n<figure class=\"wp-block-gallery has-nested-images columns-default is-cropped wp-block-gallery-1 is-layout-flex wp-block-gallery-is-layout-flex\">\n<figure class=\"wp-block-image size-large\"><img loading=\"lazy\" decoding=\"async\" width=\"266\" height=\"200\" data-id=\"1955\" src=\"https:\/\/emci.re\/wp-content\/uploads\/2020\/07\/POLA-II-2Juillet-2020-1-1.jpg\" alt=\"OP\u00c9RATION PORTES DU LAGON II\" class=\"wp-image-1955\"\/><\/figure>\n\n\n\n<figure class=\"wp-block-image size-large\"><img loading=\"lazy\" decoding=\"async\" width=\"333\" height=\"250\" data-id=\"1959\" src=\"https:\/\/emci.re\/wp-content\/uploads\/2020\/07\/POLA-II-Juillet-2020-1.jpg\" alt=\"OP\u00c9RATION PORTES DU LAGON II\" class=\"wp-image-1959\" srcset=\"https:\/\/emci.re\/wp-content\/uploads\/2020\/07\/POLA-II-Juillet-2020-1.jpg 333w, https:\/\/emci.re\/wp-content\/uploads\/2020\/07\/POLA-II-Juillet-2020-1-300x225.jpg 300w, https:\/\/emci.re\/wp-content\/uploads\/2020\/07\/POLA-II-Juillet-2020-1-285x214.jpg 285w\" sizes=\"auto, (max-width: 333px) 100vw, 333px\" \/><\/figure>\n\n\n\n<figure class=\"wp-block-image size-large\"><img loading=\"lazy\" decoding=\"async\" width=\"266\" height=\"200\" data-id=\"1958\" src=\"https:\/\/emci.re\/wp-content\/uploads\/2020\/07\/POLA-II-5Juillet-2020-1.jpg\" alt=\"\" class=\"wp-image-1958\"\/><\/figure>\n<\/figure>\n\n\n\n<p class=\"has-text-align-center\">Chantier &#8211; Juillet 2020<\/p>\n\n\n\n<!--more-->\n\n\n\n<p><\/p>\n\n\n\n<figure class=\"wp-block-gallery has-nested-images columns-default is-cropped wp-block-gallery-2 is-layout-flex wp-block-gallery-is-layout-flex\">\n<figure class=\"wp-block-image size-large\"><img loading=\"lazy\" decoding=\"async\" width=\"1024\" height=\"1024\" data-id=\"1213\" src=\"https:\/\/emci.re\/wp-content\/uploads\/2020\/04\/3-1024x1024.jpg\" alt=\"\" class=\"wp-image-1213\" srcset=\"https:\/\/emci.re\/wp-content\/uploads\/2020\/04\/3-1024x1024.jpg 1024w, https:\/\/emci.re\/wp-content\/uploads\/2020\/04\/3-300x300.jpg 300w, https:\/\/emci.re\/wp-content\/uploads\/2020\/04\/3-150x150.jpg 150w, https:\/\/emci.re\/wp-content\/uploads\/2020\/04\/3-768x768.jpg 768w, https:\/\/emci.re\/wp-content\/uploads\/2020\/04\/3-1536x1536.jpg 1536w, https:\/\/emci.re\/wp-content\/uploads\/2020\/04\/3-2048x2048.jpg 2048w, https:\/\/emci.re\/wp-content\/uploads\/2020\/04\/3-120x120.jpg 120w, https:\/\/emci.re\/wp-content\/uploads\/2020\/04\/3-105x105.jpg 105w, https:\/\/emci.re\/wp-content\/uploads\/2020\/04\/3-570x570.jpg 570w, https:\/\/emci.re\/wp-content\/uploads\/2020\/04\/3-380x380.jpg 380w, https:\/\/emci.re\/wp-content\/uploads\/2020\/04\/3-285x285.jpg 285w\" sizes=\"auto, (max-width: 1024px) 100vw, 1024px\" \/><\/figure>\n\n\n\n<figure class=\"wp-block-image size-large\"><img loading=\"lazy\" decoding=\"async\" width=\"1024\" height=\"604\" data-id=\"1214\" src=\"https:\/\/emci.re\/wp-content\/uploads\/2020\/04\/5-1024x604.jpg\" alt=\"\" class=\"wp-image-1214\" srcset=\"https:\/\/emci.re\/wp-content\/uploads\/2020\/04\/5-1024x604.jpg 1024w, https:\/\/emci.re\/wp-content\/uploads\/2020\/04\/5-300x177.jpg 300w, https:\/\/emci.re\/wp-content\/uploads\/2020\/04\/5-768x453.jpg 768w, https:\/\/emci.re\/wp-content\/uploads\/2020\/04\/5-1536x907.jpg 1536w, https:\/\/emci.re\/wp-content\/uploads\/2020\/04\/5-2048x1209.jpg 2048w\" sizes=\"auto, (max-width: 1024px) 100vw, 1024px\" \/><\/figure>\n\n\n\n<figure class=\"wp-block-image size-large\"><img loading=\"lazy\" decoding=\"async\" width=\"1024\" height=\"375\" data-id=\"1210\" src=\"https:\/\/emci.re\/wp-content\/uploads\/2020\/04\/1-1024x375.png\" alt=\"\" class=\"wp-image-1210\" srcset=\"https:\/\/emci.re\/wp-content\/uploads\/2020\/04\/1-1024x375.png 1024w, https:\/\/emci.re\/wp-content\/uploads\/2020\/04\/1-300x110.png 300w, https:\/\/emci.re\/wp-content\/uploads\/2020\/04\/1-768x281.png 768w, https:\/\/emci.re\/wp-content\/uploads\/2020\/04\/1.png 1118w\" sizes=\"auto, (max-width: 1024px) 100vw, 1024px\" \/><\/figure>\n\n\n\n<figure class=\"wp-block-image size-large\"><img loading=\"lazy\" decoding=\"async\" width=\"1024\" height=\"585\" data-id=\"1212\" src=\"https:\/\/emci.re\/wp-content\/uploads\/2020\/04\/2-1024x585.jpg\" alt=\"\" class=\"wp-image-1212\" srcset=\"https:\/\/emci.re\/wp-content\/uploads\/2020\/04\/2-1024x585.jpg 1024w, https:\/\/emci.re\/wp-content\/uploads\/2020\/04\/2-300x171.jpg 300w, https:\/\/emci.re\/wp-content\/uploads\/2020\/04\/2-768x439.jpg 768w, https:\/\/emci.re\/wp-content\/uploads\/2020\/04\/2-1536x877.jpg 1536w, https:\/\/emci.re\/wp-content\/uploads\/2020\/04\/2-2048x1170.jpg 2048w\" sizes=\"auto, (max-width: 1024px) 100vw, 1024px\" \/><\/figure>\n<\/figure>\n\n\n\n<p><\/p>\n<p>Views: 244<\/p>","protected":false},"excerpt":{"rendered":"<p>Mission : Mission de maitrise d\u2019\u0153uvre Structure pour la construction de 118 logements&nbsp;: 46 LLTS collectifs, 54 PLS collectifs et 18 logements en accession &#8211; Saint Pierre &#8211; La R\u00e9union Les b\u00e2timents sont de type R+3+combles avec parc de stationnement g\u00e9n\u00e9ral en R-1. Shob : 17 600 m2Montant Travaux HT : 12 500 000,00 \u20acMaitre<\/p>\n<p class=\"more-link\"><a href=\"https:\/\/emci.re\/?page_id=1209\" class=\"themebutton\">Read More<\/a><\/p>\n","protected":false},"author":2,"featured_media":1210,"parent":1095,"menu_order":6,"comment_status":"closed","ping_status":"closed","template":"","meta":{"footnotes":""},"folder":[19],"class_list":["post-1209","page","type-page","status-publish","has-post-thumbnail","hentry"],"_links":{"self":[{"href":"https:\/\/emci.re\/index.php?rest_route=\/wp\/v2\/pages\/1209","targetHints":{"allow":["GET"]}}],"collection":[{"href":"https:\/\/emci.re\/index.php?rest_route=\/wp\/v2\/pages"}],"about":[{"href":"https:\/\/emci.re\/index.php?rest_route=\/wp\/v2\/types\/page"}],"author":[{"embeddable":true,"href":"https:\/\/emci.re\/index.php?rest_route=\/wp\/v2\/users\/2"}],"replies":[{"embeddable":true,"href":"https:\/\/emci.re\/index.php?rest_route=%2Fwp%2Fv2%2Fcomments&post=1209"}],"version-history":[{"count":4,"href":"https:\/\/emci.re\/index.php?rest_route=\/wp\/v2\/pages\/1209\/revisions"}],"predecessor-version":[{"id":3654,"href":"https:\/\/emci.re\/index.php?rest_route=\/wp\/v2\/pages\/1209\/revisions\/3654"}],"up":[{"embeddable":true,"href":"https:\/\/emci.re\/index.php?rest_route=\/wp\/v2\/pages\/1095"}],"wp:featuredmedia":[{"embeddable":true,"href":"https:\/\/emci.re\/index.php?rest_route=\/wp\/v2\/media\/1210"}],"wp:attachment":[{"href":"https:\/\/emci.re\/index.php?rest_route=%2Fwp%2Fv2%2Fmedia&parent=1209"}],"wp:term":[{"taxonomy":"folder","embeddable":true,"href":"https:\/\/emci.re\/index.php?rest_route=%2Fwp%2Fv2%2Ffolder&post=1209"}],"curies":[{"name":"wp","href":"https:\/\/api.w.org\/{rel}","templated":true}]}}

▪️ Opération PORTES DU LAGON II

<p><strong>Mission</strong> : Mission de maitrise d’œuvre Structure pour la construction de 118 logements&nbsp;: 46 LLTS collectifs, 54 PLS collectifs et 18 logements en accession &#8211; Saint Pierre &#8211; La Réunion</p>



<p>Les bâtiments sont de type R+3+combles avec parc de stationnement général en R-1. </p>



<p><strong>Shob</strong> : 17 600 m2<br><strong>Montant Travaux HT </strong>: 12 500 000,00 €<br><strong>Maitre d’ouvrage &#8211; Architecte</strong> :  SCI Sorec /  L’Atelier Didier BRACHET <br><strong>Livraison</strong> : 2020</p>



<p><strong>Secteur</strong> :  Bâtiment / Logement</p>



<figure class="wp-block-gallery has-nested-images columns-default is-cropped wp-block-gallery-1 is-layout-flex wp-block-gallery-is-layout-flex">
<figure class="wp-block-image size-large"><img loading="lazy" decoding="async" width="266" height="200" data-id="1955" src="https://emci.re/wp-content/uploads/2020/07/POLA-II-2Juillet-2020-1-1.jpg" alt="OPÉRATION PORTES DU LAGON II" class="wp-image-1955"/></figure>



<figure class="wp-block-image size-large"><img loading="lazy" decoding="async" width="333" height="250" data-id="1959" src="https://emci.re/wp-content/uploads/2020/07/POLA-II-Juillet-2020-1.jpg" alt="OPÉRATION PORTES DU LAGON II" class="wp-image-1959" srcset="https://emci.re/wp-content/uploads/2020/07/POLA-II-Juillet-2020-1.jpg 333w, https://emci.re/wp-content/uploads/2020/07/POLA-II-Juillet-2020-1-300x225.jpg 300w, https://emci.re/wp-content/uploads/2020/07/POLA-II-Juillet-2020-1-285x214.jpg 285w" sizes="auto, (max-width: 333px) 100vw, 333px" /></figure>



<figure class="wp-block-image size-large"><img loading="lazy" decoding="async" width="266" height="200" data-id="1958" src="https://emci.re/wp-content/uploads/2020/07/POLA-II-5Juillet-2020-1.jpg" alt="" class="wp-image-1958"/></figure>
</figure>



<p class="has-text-align-center">Chantier &#8211; Juillet 2020</p>



<!--more-->



<p></p>



<figure class="wp-block-gallery has-nested-images columns-default is-cropped wp-block-gallery-2 is-layout-flex wp-block-gallery-is-layout-flex">
<figure class="wp-block-image size-large"><img loading="lazy" decoding="async" width="1024" height="1024" data-id="1213" src="https://emci.re/wp-content/uploads/2020/04/3-1024x1024.jpg" alt="" class="wp-image-1213" srcset="https://emci.re/wp-content/uploads/2020/04/3-1024x1024.jpg 1024w, https://emci.re/wp-content/uploads/2020/04/3-300x300.jpg 300w, https://emci.re/wp-content/uploads/2020/04/3-150x150.jpg 150w, https://emci.re/wp-content/uploads/2020/04/3-768x768.jpg 768w, https://emci.re/wp-content/uploads/2020/04/3-1536x1536.jpg 1536w, https://emci.re/wp-content/uploads/2020/04/3-2048x2048.jpg 2048w, https://emci.re/wp-content/uploads/2020/04/3-120x120.jpg 120w, https://emci.re/wp-content/uploads/2020/04/3-105x105.jpg 105w, https://emci.re/wp-content/uploads/2020/04/3-570x570.jpg 570w, https://emci.re/wp-content/uploads/2020/04/3-380x380.jpg 380w, https://emci.re/wp-content/uploads/2020/04/3-285x285.jpg 285w" sizes="auto, (max-width: 1024px) 100vw, 1024px" /></figure>



<figure class="wp-block-image size-large"><img loading="lazy" decoding="async" width="1024" height="604" data-id="1214" src="https://emci.re/wp-content/uploads/2020/04/5-1024x604.jpg" alt="" class="wp-image-1214" srcset="https://emci.re/wp-content/uploads/2020/04/5-1024x604.jpg 1024w, https://emci.re/wp-content/uploads/2020/04/5-300x177.jpg 300w, https://emci.re/wp-content/uploads/2020/04/5-768x453.jpg 768w, https://emci.re/wp-content/uploads/2020/04/5-1536x907.jpg 1536w, https://emci.re/wp-content/uploads/2020/04/5-2048x1209.jpg 2048w" sizes="auto, (max-width: 1024px) 100vw, 1024px" /></figure>



<figure class="wp-block-image size-large"><img loading="lazy" decoding="async" width="1024" height="375" data-id="1210" src="https://emci.re/wp-content/uploads/2020/04/1-1024x375.png" alt="" class="wp-image-1210" srcset="https://emci.re/wp-content/uploads/2020/04/1-1024x375.png 1024w, https://emci.re/wp-content/uploads/2020/04/1-300x110.png 300w, https://emci.re/wp-content/uploads/2020/04/1-768x281.png 768w, https://emci.re/wp-content/uploads/2020/04/1.png 1118w" sizes="auto, (max-width: 1024px) 100vw, 1024px" /></figure>



<figure class="wp-block-image size-large"><img loading="lazy" decoding="async" width="1024" height="585" data-id="1212" src="https://emci.re/wp-content/uploads/2020/04/2-1024x585.jpg" alt="" class="wp-image-1212" srcset="https://emci.re/wp-content/uploads/2020/04/2-1024x585.jpg 1024w, https://emci.re/wp-content/uploads/2020/04/2-300x171.jpg 300w, https://emci.re/wp-content/uploads/2020/04/2-768x439.jpg 768w, https://emci.re/wp-content/uploads/2020/04/2-1536x877.jpg 1536w, https://emci.re/wp-content/uploads/2020/04/2-2048x1170.jpg 2048w" sizes="auto, (max-width: 1024px) 100vw, 1024px" /></figure>
</figure>



<p></p>
<p>Views: 244</p>

<p>Mission : Mission de maitrise d’œuvre Structure pour la construction de 118 logements&nbsp;: 46 LLTS collectifs, 54 PLS collectifs et 18 logements en accession &#8211; Saint Pierre &#8211; La Réunion Les bâtiments sont de type R+3+combles avec parc de stationnement général en R-1. Shob : 17 600 m2Montant Travaux HT : 12 500 000,00 €Maitre</p>
<p class="more-link"><a href="https://emci.re/?page_id=1209" class="themebutton">Read More</a></p>
