{"id":2637,"date":"2022-02-07T13:35:43","date_gmt":"2022-02-07T12:35:43","guid":{"rendered":"https:\/\/emci.re\/?page_id=2637"},"modified":"2024-05-28T14:52:47","modified_gmt":"2024-05-28T10:52:47","slug":"%e2%96%aa%ef%b8%8f-utep-de-petite-ile","status":"publish","type":"page","link":"https:\/\/emci.re\/?page_id=2637","title":{"rendered":"\u25aa\ufe0f UTEP de Petite Ile"},"content":{"rendered":"\n<p><strong>Mission <\/strong>: Mission EXE &#8211; G\u00e9nie Civil pour la r\u00e9alisation d\u2019une station de traitement et de potabilisation comprenant les ouvrages suivants r\u00e9partis en trois zones :<\/p>\n\n\n\n<ul class=\"wp-block-list\">\n<li>Les ouvrages de coagulation, d\u00e9cantation, floculation.<\/li>\n\n\n\n<li>Un local R\u00e9actif avec b\u00e2ches ESL<\/li>\n\n\n\n<li>Un b\u00e2timent avec filtres<\/li>\n\n\n\n<li>Des lits de s\u00e9chages<\/li>\n<\/ul>\n\n\n\n<p><strong>Montant Travaux HT&nbsp;<\/strong>: Non communiqu\u00e9<\/p>\n\n\n\n<p><strong>Client&nbsp;: EIFFAGE-HYDROTECH<\/strong><\/p>\n\n\n\n<p><strong>Maitre d\u2019ouvrage&nbsp;: <\/strong>Commune de Petite Ile &nbsp;<\/p>\n\n\n\n<p><strong>R\u00e9alisation&nbsp;<\/strong>: 2021<\/p>\n\n\n\n<p>Les Calculs EXE sont r\u00e9alis\u00e9s \u00e0 l\u2019aide du logiciel ROBOT (Mod\u00e9lisation statique et sismique).<\/p>\n\n\n\n<p>Les plans EXE sont r\u00e9alis\u00e9s sur ADCOF-ADFER<\/p>\n\n\n\n<p><\/p>\n\n\n\n<!--more-->\n\n\n\n<p><br><\/p>\n\n\n\n<figure class=\"wp-block-gallery aligncenter has-nested-images columns-1 is-cropped wp-block-gallery-1 is-layout-flex wp-block-gallery-is-layout-flex\">\n<figure class=\"wp-block-image size-large\"><img loading=\"lazy\" decoding=\"async\" width=\"1024\" height=\"466\" data-id=\"2647\" src=\"https:\/\/emci.re\/wp-content\/uploads\/2022\/02\/Petite-Ile-Apercu-des-fondations-1024x466.png\" alt=\"UTEP DE PETITE ILE\" class=\"wp-image-2647\" srcset=\"https:\/\/emci.re\/wp-content\/uploads\/2022\/02\/Petite-Ile-Apercu-des-fondations-1024x466.png 1024w, https:\/\/emci.re\/wp-content\/uploads\/2022\/02\/Petite-Ile-Apercu-des-fondations-300x136.png 300w, https:\/\/emci.re\/wp-content\/uploads\/2022\/02\/Petite-Ile-Apercu-des-fondations-768x349.png 768w, https:\/\/emci.re\/wp-content\/uploads\/2022\/02\/Petite-Ile-Apercu-des-fondations-1536x698.png 1536w, https:\/\/emci.re\/wp-content\/uploads\/2022\/02\/Petite-Ile-Apercu-des-fondations.png 1667w\" sizes=\"auto, (max-width: 1024px) 100vw, 1024px\" \/><figcaption class=\"wp-element-caption\">Aper\u00e7u des fondations<\/figcaption><\/figure>\n\n\n\n<figure class=\"wp-block-image size-large\"><img loading=\"lazy\" decoding=\"async\" width=\"1024\" height=\"429\" data-id=\"2648\" src=\"https:\/\/emci.re\/wp-content\/uploads\/2022\/02\/Petite-Ile-Coupe-Longitudinale-1024x429.png\" alt=\"UTEP DE PETITE ILE\" class=\"wp-image-2648\" srcset=\"https:\/\/emci.re\/wp-content\/uploads\/2022\/02\/Petite-Ile-Coupe-Longitudinale-1024x429.png 1024w, https:\/\/emci.re\/wp-content\/uploads\/2022\/02\/Petite-Ile-Coupe-Longitudinale-300x126.png 300w, https:\/\/emci.re\/wp-content\/uploads\/2022\/02\/Petite-Ile-Coupe-Longitudinale-768x322.png 768w, https:\/\/emci.re\/wp-content\/uploads\/2022\/02\/Petite-Ile-Coupe-Longitudinale-1536x644.png 1536w, https:\/\/emci.re\/wp-content\/uploads\/2022\/02\/Petite-Ile-Coupe-Longitudinale.png 1568w\" sizes=\"auto, (max-width: 1024px) 100vw, 1024px\" \/><figcaption class=\"wp-element-caption\"> Coupe Longitudinale <\/figcaption><\/figure>\n\n\n\n<figure class=\"wp-block-image size-large\"><img loading=\"lazy\" decoding=\"async\" width=\"1024\" height=\"696\" data-id=\"2650\" src=\"https:\/\/emci.re\/wp-content\/uploads\/2022\/02\/Petite-Ile-Vue-3D-1024x696.png\" alt=\"UTEP DE PETITE ILE\" class=\"wp-image-2650\" srcset=\"https:\/\/emci.re\/wp-content\/uploads\/2022\/02\/Petite-Ile-Vue-3D-1024x696.png 1024w, https:\/\/emci.re\/wp-content\/uploads\/2022\/02\/Petite-Ile-Vue-3D-300x204.png 300w, https:\/\/emci.re\/wp-content\/uploads\/2022\/02\/Petite-Ile-Vue-3D-768x522.png 768w, https:\/\/emci.re\/wp-content\/uploads\/2022\/02\/Petite-Ile-Vue-3D.png 1099w\" sizes=\"auto, (max-width: 1024px) 100vw, 1024px\" \/><figcaption class=\"wp-element-caption\">Vue 3D<\/figcaption><\/figure>\n\n\n\n<figure class=\"wp-block-image size-large\"><img loading=\"lazy\" decoding=\"async\" width=\"725\" height=\"334\" data-id=\"2649\" src=\"https:\/\/emci.re\/wp-content\/uploads\/2022\/02\/Petite-Ile-Radier-Epaississeur-ferraillage.png\" alt=\"UTEP DE PETITE ILE\" class=\"wp-image-2649\" srcset=\"https:\/\/emci.re\/wp-content\/uploads\/2022\/02\/Petite-Ile-Radier-Epaississeur-ferraillage.png 725w, https:\/\/emci.re\/wp-content\/uploads\/2022\/02\/Petite-Ile-Radier-Epaississeur-ferraillage-300x138.png 300w\" sizes=\"auto, (max-width: 725px) 100vw, 725px\" \/><figcaption class=\"wp-element-caption\">Radier Epaississeur ferraillage<\/figcaption><\/figure>\n<\/figure>\n\n\n\n<figure class=\"wp-block-gallery has-nested-images columns-default is-cropped wp-block-gallery-2 is-layout-flex wp-block-gallery-is-layout-flex\"><\/figure>\n\n\n\n<figure class=\"wp-block-gallery has-nested-images columns-default is-cropped wp-block-gallery-3 is-layout-flex wp-block-gallery-is-layout-flex\"><\/figure>\n\n\n\n<figure class=\"wp-block-gallery has-nested-images columns-default is-cropped wp-block-gallery-4 is-layout-flex wp-block-gallery-is-layout-flex\"><\/figure>\n\n\n\n<p><\/p>\n\n\n\n<figure class=\"wp-block-gallery has-nested-images columns-default is-cropped wp-block-gallery-5 is-layout-flex wp-block-gallery-is-layout-flex\"><\/figure>\n\n\n\n<figure class=\"wp-block-gallery has-nested-images columns-default is-cropped wp-block-gallery-6 is-layout-flex wp-block-gallery-is-layout-flex\"><\/figure>\n\n\n\n<figure class=\"wp-block-gallery has-nested-images columns-default is-cropped wp-block-gallery-7 is-layout-flex wp-block-gallery-is-layout-flex\"><\/figure>\n\n\n\n<figure class=\"wp-block-gallery has-nested-images columns-default is-cropped wp-block-gallery-8 is-layout-flex wp-block-gallery-is-layout-flex\"><\/figure>\n\n\n\n<p><\/p>\n\n\n\n<p><strong> <\/strong><\/p>\n<p>Views: 197<\/p>","protected":false},"excerpt":{"rendered":"<p>Mission : Mission EXE &#8211; G\u00e9nie Civil pour la r\u00e9alisation d\u2019une station de traitement et de potabilisation comprenant les ouvrages suivants r\u00e9partis en trois zones : Montant Travaux HT&nbsp;: Non communiqu\u00e9 Client&nbsp;: EIFFAGE-HYDROTECH Maitre d\u2019ouvrage&nbsp;: Commune de Petite Ile &nbsp; R\u00e9alisation&nbsp;: 2021 Les Calculs EXE sont r\u00e9alis\u00e9s \u00e0 l\u2019aide du logiciel ROBOT (Mod\u00e9lisation statique et<\/p>\n<p class=\"more-link\"><a href=\"https:\/\/emci.re\/?page_id=2637\" class=\"themebutton\">Read More<\/a><\/p>\n","protected":false},"author":2,"featured_media":2647,"parent":1084,"menu_order":8,"comment_status":"closed","ping_status":"closed","template":"","meta":{"footnotes":""},"folder":[18],"class_list":["post-2637","page","type-page","status-publish","has-post-thumbnail","hentry"],"_links":{"self":[{"href":"https:\/\/emci.re\/index.php?rest_route=\/wp\/v2\/pages\/2637","targetHints":{"allow":["GET"]}}],"collection":[{"href":"https:\/\/emci.re\/index.php?rest_route=\/wp\/v2\/pages"}],"about":[{"href":"https:\/\/emci.re\/index.php?rest_route=\/wp\/v2\/types\/page"}],"author":[{"embeddable":true,"href":"https:\/\/emci.re\/index.php?rest_route=\/wp\/v2\/users\/2"}],"replies":[{"embeddable":true,"href":"https:\/\/emci.re\/index.php?rest_route=%2Fwp%2Fv2%2Fcomments&post=2637"}],"version-history":[{"count":1,"href":"https:\/\/emci.re\/index.php?rest_route=\/wp\/v2\/pages\/2637\/revisions"}],"predecessor-version":[{"id":3567,"href":"https:\/\/emci.re\/index.php?rest_route=\/wp\/v2\/pages\/2637\/revisions\/3567"}],"up":[{"embeddable":true,"href":"https:\/\/emci.re\/index.php?rest_route=\/wp\/v2\/pages\/1084"}],"wp:featuredmedia":[{"embeddable":true,"href":"https:\/\/emci.re\/index.php?rest_route=\/wp\/v2\/media\/2647"}],"wp:attachment":[{"href":"https:\/\/emci.re\/index.php?rest_route=%2Fwp%2Fv2%2Fmedia&parent=2637"}],"wp:term":[{"taxonomy":"folder","embeddable":true,"href":"https:\/\/emci.re\/index.php?rest_route=%2Fwp%2Fv2%2Ffolder&post=2637"}],"curies":[{"name":"wp","href":"https:\/\/api.w.org\/{rel}","templated":true}]}}