{"id":3771,"date":"2025-09-05T14:03:38","date_gmt":"2025-09-05T10:03:38","guid":{"rendered":"https:\/\/emci.re\/?page_id=3771"},"modified":"2025-10-10T14:55:19","modified_gmt":"2025-10-10T10:55:19","slug":"%e2%96%ab%ef%b8%8f-chor-2-centre-hospitalier-ouest-reunion-saint-paul","status":"publish","type":"page","link":"https:\/\/emci.re\/?page_id=3771","title":{"rendered":"\u25ab\ufe0f Centre Hospitalier Ouest R\u00e9union &#8211; CHOR 2"},"content":{"rendered":"\n<p><strong>Mission <\/strong>: <\/p>\n\n\n\n<p>Mission Mission de maitrise d\u2019\u0153uvre Structure pour la conception construction am\u00e9nagement entretien et maintenance (CCAEM) du b\u00e2timent CHOR 2 de Saint Paul \u2013 La R\u00e9union <\/p>\n\n\n\n<p>Construction d\u2019un b\u00e2timent qui inclut l\u2019extension des consultations &#8211; H\u00f4pital de jour \u2013 Dialyse \u2013 PC m\u00e9dicaux ; ainsi qu\u2019une unit\u00e9 de 60 lits au niveau 3 de l\u2019aile sud existante du CHOR, de places de stationnement li\u00e9es aux extensions et d\u2019une cuisine relais.<\/p>\n\n\n\n<p><strong>Montant Travaux HT<\/strong> : 33 000 000,00 \u20ac<\/p>\n\n\n\n<p><strong><strong>SDO <\/strong><\/strong>: 7 600 m\u00b2<\/p>\n\n\n\n<p><strong>Maitre d\u2019ouvrage &#8211; Architecte<\/strong> : CHOR \/ Olivier Brabant &#8211; Autumn\/Patriarche<\/p>\n\n\n\n<p><strong>Avancement<\/strong> : Chantier en cours<\/p>\n\n\n\n<p><strong>Secteur <\/strong>:  Sant\u00e9 <\/p>\n\n\n\n<figure class=\"wp-block-image size-large\"><img loading=\"lazy\" decoding=\"async\" width=\"1024\" height=\"673\" src=\"https:\/\/emci.re\/wp-content\/uploads\/2025\/09\/Image-Patriarche-3-1024x673.jpg\" alt=\"\" class=\"wp-image-3777\" srcset=\"https:\/\/emci.re\/wp-content\/uploads\/2025\/09\/Image-Patriarche-3-1024x673.jpg 1024w, https:\/\/emci.re\/wp-content\/uploads\/2025\/09\/Image-Patriarche-3-300x197.jpg 300w, https:\/\/emci.re\/wp-content\/uploads\/2025\/09\/Image-Patriarche-3-768x505.jpg 768w, https:\/\/emci.re\/wp-content\/uploads\/2025\/09\/Image-Patriarche-3.jpg 1132w\" sizes=\"auto, (max-width: 1024px) 100vw, 1024px\" \/><figcaption class=\"wp-element-caption\"><strong>                                                                        Images PATRIARCHE<\/strong><\/figcaption><\/figure>\n\n\n\n<figure class=\"wp-block-image size-large\"><img loading=\"lazy\" decoding=\"async\" width=\"1024\" height=\"672\" src=\"https:\/\/emci.re\/wp-content\/uploads\/2025\/09\/Image-Patriarche-1-2-1024x672.jpg\" alt=\"\" class=\"wp-image-3776\" srcset=\"https:\/\/emci.re\/wp-content\/uploads\/2025\/09\/Image-Patriarche-1-2-1024x672.jpg 1024w, https:\/\/emci.re\/wp-content\/uploads\/2025\/09\/Image-Patriarche-1-2-300x197.jpg 300w, https:\/\/emci.re\/wp-content\/uploads\/2025\/09\/Image-Patriarche-1-2-768x504.jpg 768w, https:\/\/emci.re\/wp-content\/uploads\/2025\/09\/Image-Patriarche-1-2.jpg 1379w\" sizes=\"auto, (max-width: 1024px) 100vw, 1024px\" \/><\/figure>\n\n\n\n<figure class=\"wp-block-image size-large\"><img loading=\"lazy\" decoding=\"async\" width=\"1024\" height=\"724\" src=\"https:\/\/emci.re\/wp-content\/uploads\/2025\/09\/CHOR-2-Carnet-A3-STR-PARTENARIAT_Page_02-1024x724.jpg\" alt=\"\" class=\"wp-image-3779\" srcset=\"https:\/\/emci.re\/wp-content\/uploads\/2025\/09\/CHOR-2-Carnet-A3-STR-PARTENARIAT_Page_02-1024x724.jpg 1024w, https:\/\/emci.re\/wp-content\/uploads\/2025\/09\/CHOR-2-Carnet-A3-STR-PARTENARIAT_Page_02-300x212.jpg 300w, https:\/\/emci.re\/wp-content\/uploads\/2025\/09\/CHOR-2-Carnet-A3-STR-PARTENARIAT_Page_02-768x543.jpg 768w, https:\/\/emci.re\/wp-content\/uploads\/2025\/09\/CHOR-2-Carnet-A3-STR-PARTENARIAT_Page_02-1536x1087.jpg 1536w, https:\/\/emci.re\/wp-content\/uploads\/2025\/09\/CHOR-2-Carnet-A3-STR-PARTENARIAT_Page_02-2048x1449.jpg 2048w\" sizes=\"auto, (max-width: 1024px) 100vw, 1024px\" \/><\/figure>\n\n\n\n<figure class=\"wp-block-image size-large\"><img loading=\"lazy\" decoding=\"async\" width=\"1024\" height=\"724\" src=\"https:\/\/emci.re\/wp-content\/uploads\/2025\/09\/CHOR-2-Carnet-A3-STR-PARTENARIAT_Page_03-1024x724.jpg\" alt=\"\" class=\"wp-image-3785\" srcset=\"https:\/\/emci.re\/wp-content\/uploads\/2025\/09\/CHOR-2-Carnet-A3-STR-PARTENARIAT_Page_03-1024x724.jpg 1024w, https:\/\/emci.re\/wp-content\/uploads\/2025\/09\/CHOR-2-Carnet-A3-STR-PARTENARIAT_Page_03-300x212.jpg 300w, https:\/\/emci.re\/wp-content\/uploads\/2025\/09\/CHOR-2-Carnet-A3-STR-PARTENARIAT_Page_03-768x543.jpg 768w, https:\/\/emci.re\/wp-content\/uploads\/2025\/09\/CHOR-2-Carnet-A3-STR-PARTENARIAT_Page_03-1536x1086.jpg 1536w, https:\/\/emci.re\/wp-content\/uploads\/2025\/09\/CHOR-2-Carnet-A3-STR-PARTENARIAT_Page_03-2048x1449.jpg 2048w\" sizes=\"auto, (max-width: 1024px) 100vw, 1024px\" \/><figcaption class=\"wp-element-caption\">                                                                             <strong>3D EMCI<\/strong><\/figcaption><\/figure>\n\n\n\n<!--more-->\n\n\n\n<p class=\"has-white-color has-text-color has-link-color wp-elements-c645e628e62f8fbab9d9726851472d16\"><\/p>\n\n\n\n<p><\/p>\n<p>Views: 70<\/p>","protected":false},"excerpt":{"rendered":"<p>Mission : Mission Mission de maitrise d\u2019\u0153uvre Structure pour la conception construction am\u00e9nagement entretien et maintenance (CCAEM) du b\u00e2timent CHOR 2 de Saint Paul \u2013 La R\u00e9union Construction d\u2019un b\u00e2timent qui inclut l\u2019extension des consultations &#8211; H\u00f4pital de jour \u2013 Dialyse \u2013 PC m\u00e9dicaux ; ainsi qu\u2019une unit\u00e9 de 60 lits au niveau 3 de<\/p>\n<p class=\"more-link\"><a href=\"https:\/\/emci.re\/?page_id=3771\" class=\"themebutton\">Read More<\/a><\/p>\n","protected":false},"author":2,"featured_media":3777,"parent":1098,"menu_order":6,"comment_status":"closed","ping_status":"closed","template":"","meta":{"footnotes":""},"folder":[16],"class_list":["post-3771","page","type-page","status-publish","has-post-thumbnail","hentry"],"_links":{"self":[{"href":"https:\/\/emci.re\/index.php?rest_route=\/wp\/v2\/pages\/3771","targetHints":{"allow":["GET"]}}],"collection":[{"href":"https:\/\/emci.re\/index.php?rest_route=\/wp\/v2\/pages"}],"about":[{"href":"https:\/\/emci.re\/index.php?rest_route=\/wp\/v2\/types\/page"}],"author":[{"embeddable":true,"href":"https:\/\/emci.re\/index.php?rest_route=\/wp\/v2\/users\/2"}],"replies":[{"embeddable":true,"href":"https:\/\/emci.re\/index.php?rest_route=%2Fwp%2Fv2%2Fcomments&post=3771"}],"version-history":[{"count":14,"href":"https:\/\/emci.re\/index.php?rest_route=\/wp\/v2\/pages\/3771\/revisions"}],"predecessor-version":[{"id":3805,"href":"https:\/\/emci.re\/index.php?rest_route=\/wp\/v2\/pages\/3771\/revisions\/3805"}],"up":[{"embeddable":true,"href":"https:\/\/emci.re\/index.php?rest_route=\/wp\/v2\/pages\/1098"}],"wp:featuredmedia":[{"embeddable":true,"href":"https:\/\/emci.re\/index.php?rest_route=\/wp\/v2\/media\/3777"}],"wp:attachment":[{"href":"https:\/\/emci.re\/index.php?rest_route=%2Fwp%2Fv2%2Fmedia&parent=3771"}],"wp:term":[{"taxonomy":"folder","embeddable":true,"href":"https:\/\/emci.re\/index.php?rest_route=%2Fwp%2Fv2%2Ffolder&post=3771"}],"curies":[{"name":"wp","href":"https:\/\/api.w.org\/{rel}","templated":true}]}}