{"id":736,"date":"2020-02-04T08:25:53","date_gmt":"2020-02-04T07:25:53","guid":{"rendered":"https:\/\/emci.re\/?page_id=736"},"modified":"2024-05-28T14:59:19","modified_gmt":"2024-05-28T10:59:19","slug":"logement-operation-diamant-8","status":"publish","type":"page","link":"https:\/\/emci.re\/?page_id=736","title":{"rendered":"\u25ab\ufe0f Op\u00e9ration DIAMANT 8"},"content":{"rendered":"\n<p><strong>Mission<\/strong> : Mission EXE &#8211; Construction de 60 logements type R+3 \u00e0 R+4 \u00e0 Saint Pierre &#8211; La R\u00e9union<\/p>\n\n\n\n<p><strong> Client &#8211; Architecte<\/strong> : Rieffel B\u00e2timent \/ Bertrand TECHER<\/p>\n\n\n\n<p> <strong>Livraison<\/strong> : 2016<\/p>\n\n\n\n<p><strong>Secteur<\/strong> :  B\u00e2timent \/ Logement<\/p>\n\n\n\n<figure class=\"wp-block-gallery has-nested-images columns-default is-cropped wp-block-gallery-1 is-layout-flex wp-block-gallery-is-layout-flex\">\n<figure class=\"wp-block-image size-large\"><img loading=\"lazy\" decoding=\"async\" width=\"466\" height=\"310\" data-id=\"1654\" src=\"https:\/\/emci.re\/wp-content\/uploads\/2020\/06\/1-22.jpg\" alt=\"OP\u00c9RATION DIAMANT 8\" class=\"wp-image-1654\" srcset=\"https:\/\/emci.re\/wp-content\/uploads\/2020\/06\/1-22.jpg 466w, https:\/\/emci.re\/wp-content\/uploads\/2020\/06\/1-22-300x200.jpg 300w, https:\/\/emci.re\/wp-content\/uploads\/2020\/06\/1-22-380x254.jpg 380w, https:\/\/emci.re\/wp-content\/uploads\/2020\/06\/1-22-285x190.jpg 285w\" sizes=\"auto, (max-width: 466px) 100vw, 466px\" \/><\/figure>\n\n\n\n<figure class=\"wp-block-image size-large\"><img loading=\"lazy\" decoding=\"async\" width=\"459\" height=\"305\" data-id=\"1655\" src=\"https:\/\/emci.re\/wp-content\/uploads\/2020\/06\/2-12.jpg\" alt=\"OP\u00c9RATION DIAMANT 8\" class=\"wp-image-1655\" srcset=\"https:\/\/emci.re\/wp-content\/uploads\/2020\/06\/2-12.jpg 459w, https:\/\/emci.re\/wp-content\/uploads\/2020\/06\/2-12-300x199.jpg 300w, https:\/\/emci.re\/wp-content\/uploads\/2020\/06\/2-12-380x254.jpg 380w, https:\/\/emci.re\/wp-content\/uploads\/2020\/06\/2-12-285x190.jpg 285w\" sizes=\"auto, (max-width: 459px) 100vw, 459px\" \/><\/figure>\n\n\n\n<figure class=\"wp-block-image size-large\"><img loading=\"lazy\" decoding=\"async\" width=\"417\" height=\"278\" data-id=\"1653\" src=\"https:\/\/emci.re\/wp-content\/uploads\/2020\/06\/unnamed-file.jpg\" alt=\"OP\u00c9RATION DIAMANT 8\" class=\"wp-image-1653\" srcset=\"https:\/\/emci.re\/wp-content\/uploads\/2020\/06\/unnamed-file.jpg 417w, https:\/\/emci.re\/wp-content\/uploads\/2020\/06\/unnamed-file-300x200.jpg 300w, https:\/\/emci.re\/wp-content\/uploads\/2020\/06\/unnamed-file-380x254.jpg 380w, https:\/\/emci.re\/wp-content\/uploads\/2020\/06\/unnamed-file-285x190.jpg 285w\" sizes=\"auto, (max-width: 417px) 100vw, 417px\" \/><\/figure>\n\n\n\n<figure class=\"wp-block-image size-large\"><img loading=\"lazy\" decoding=\"async\" width=\"389\" height=\"259\" data-id=\"1659\" src=\"https:\/\/emci.re\/wp-content\/uploads\/2020\/06\/7-8.jpg\" alt=\"OP\u00c9RATION DIAMANT 8\" class=\"wp-image-1659\" srcset=\"https:\/\/emci.re\/wp-content\/uploads\/2020\/06\/7-8.jpg 389w, https:\/\/emci.re\/wp-content\/uploads\/2020\/06\/7-8-300x200.jpg 300w, https:\/\/emci.re\/wp-content\/uploads\/2020\/06\/7-8-380x254.jpg 380w, https:\/\/emci.re\/wp-content\/uploads\/2020\/06\/7-8-285x190.jpg 285w\" sizes=\"auto, (max-width: 389px) 100vw, 389px\" \/><\/figure>\n\n\n\n<figure class=\"wp-block-image size-large\"><img loading=\"lazy\" decoding=\"async\" width=\"463\" height=\"308\" data-id=\"1656\" src=\"https:\/\/emci.re\/wp-content\/uploads\/2020\/06\/3-16.jpg\" alt=\"OP\u00c9RATION DIAMANT 8\" class=\"wp-image-1656\" srcset=\"https:\/\/emci.re\/wp-content\/uploads\/2020\/06\/3-16.jpg 463w, https:\/\/emci.re\/wp-content\/uploads\/2020\/06\/3-16-300x200.jpg 300w, https:\/\/emci.re\/wp-content\/uploads\/2020\/06\/3-16-380x254.jpg 380w, https:\/\/emci.re\/wp-content\/uploads\/2020\/06\/3-16-285x190.jpg 285w\" sizes=\"auto, (max-width: 463px) 100vw, 463px\" \/><\/figure>\n\n\n\n<figure class=\"wp-block-image size-large\"><img loading=\"lazy\" decoding=\"async\" width=\"433\" height=\"288\" data-id=\"1657\" src=\"https:\/\/emci.re\/wp-content\/uploads\/2020\/06\/4-12.jpg\" alt=\"OP\u00c9RATION DIAMANT 8\" class=\"wp-image-1657\" srcset=\"https:\/\/emci.re\/wp-content\/uploads\/2020\/06\/4-12.jpg 433w, https:\/\/emci.re\/wp-content\/uploads\/2020\/06\/4-12-300x200.jpg 300w, https:\/\/emci.re\/wp-content\/uploads\/2020\/06\/4-12-380x254.jpg 380w, https:\/\/emci.re\/wp-content\/uploads\/2020\/06\/4-12-285x190.jpg 285w\" sizes=\"auto, (max-width: 433px) 100vw, 433px\" \/><\/figure>\n<\/figure>\n\n\n\n<!--more-->\n\n\n\n<p><\/p>\n\n\n\n<figure class=\"wp-block-gallery has-nested-images columns-default is-cropped wp-block-gallery-2 is-layout-flex wp-block-gallery-is-layout-flex\"><\/figure>\n\n\n\n<p><\/p>\n<p>Views: 271<\/p>","protected":false},"excerpt":{"rendered":"<p>Mission : Mission EXE &#8211; Construction de 60 logements type R+3 \u00e0 R+4 \u00e0 Saint Pierre &#8211; La R\u00e9union Client &#8211; Architecte : Rieffel B\u00e2timent \/ Bertrand TECHER Livraison : 2016 Secteur : B\u00e2timent \/ Logement Views: 271<\/p>\n","protected":false},"author":2,"featured_media":1656,"parent":1095,"menu_order":3,"comment_status":"closed","ping_status":"closed","template":"","meta":{"footnotes":""},"folder":[19],"class_list":["post-736","page","type-page","status-publish","has-post-thumbnail","hentry"],"_links":{"self":[{"href":"https:\/\/emci.re\/index.php?rest_route=\/wp\/v2\/pages\/736","targetHints":{"allow":["GET"]}}],"collection":[{"href":"https:\/\/emci.re\/index.php?rest_route=\/wp\/v2\/pages"}],"about":[{"href":"https:\/\/emci.re\/index.php?rest_route=\/wp\/v2\/types\/page"}],"author":[{"embeddable":true,"href":"https:\/\/emci.re\/index.php?rest_route=\/wp\/v2\/users\/2"}],"replies":[{"embeddable":true,"href":"https:\/\/emci.re\/index.php?rest_route=%2Fwp%2Fv2%2Fcomments&post=736"}],"version-history":[{"count":1,"href":"https:\/\/emci.re\/index.php?rest_route=\/wp\/v2\/pages\/736\/revisions"}],"predecessor-version":[{"id":3581,"href":"https:\/\/emci.re\/index.php?rest_route=\/wp\/v2\/pages\/736\/revisions\/3581"}],"up":[{"embeddable":true,"href":"https:\/\/emci.re\/index.php?rest_route=\/wp\/v2\/pages\/1095"}],"wp:featuredmedia":[{"embeddable":true,"href":"https:\/\/emci.re\/index.php?rest_route=\/wp\/v2\/media\/1656"}],"wp:attachment":[{"href":"https:\/\/emci.re\/index.php?rest_route=%2Fwp%2Fv2%2Fmedia&parent=736"}],"wp:term":[{"taxonomy":"folder","embeddable":true,"href":"https:\/\/emci.re\/index.php?rest_route=%2Fwp%2Fv2%2Ffolder&post=736"}],"curies":[{"name":"wp","href":"https:\/\/api.w.org\/{rel}","templated":true}]}}