{"id":753,"date":"2020-02-04T08:36:18","date_gmt":"2020-02-04T07:36:18","guid":{"rendered":"https:\/\/emci.re\/?page_id=753"},"modified":"2026-01-23T10:44:34","modified_gmt":"2026-01-23T06:44:34","slug":"logement-operation-melody","status":"publish","type":"page","link":"https:\/\/emci.re\/?page_id=753","title":{"rendered":"\u25aa\ufe0f Op\u00e9ration BOIS MATELOT"},"content":{"rendered":"\n<p><strong>Mission<\/strong> : Mission de maitrise d\u2019\u0153uvre Structure pour la construction de 57 LLTS &#8211; Saint Pierre &#8211; La R\u00e9union<\/p>\n\n\n\n<p>Ensemble de 4 immeubles de type R+3 \u00e0 R+4 \u00e0 usage de logements avec un niveau de sous-sol enterr\u00e9 ou semi-enterr\u00e9, \u00e0 usage de stationnement<\/p>\n\n\n\n<p> <strong>SHOB<\/strong> : 7 844 m\u00b2  &#8211;  <strong>SHON <\/strong>: 3 462 m\u00b2<\/p>\n\n\n\n<p> <strong>Montant Travaux HT<\/strong> : 5 758 322,00 \u20ac<\/p>\n\n\n\n<p> <strong>Maitre d\u2019ouvrage \u2013 Architecte<\/strong> : SEMADER \/ KHEPER Architecture<\/p>\n\n\n\n<p><strong>Avancement <\/strong>: Livr\u00e9 en 2025<\/p>\n\n\n\n<p> <strong>Secteur<\/strong> :  B\u00e2timent \/ Logement<\/p>\n\n\n\n<figure class=\"wp-block-image size-large\"><img loading=\"lazy\" decoding=\"async\" width=\"1024\" height=\"768\" src=\"https:\/\/emci.re\/wp-content\/uploads\/2024\/11\/20241107_100328-1024x768.jpg\" alt=\"\" class=\"wp-image-3704\" srcset=\"https:\/\/emci.re\/wp-content\/uploads\/2024\/11\/20241107_100328-1024x768.jpg 1024w, https:\/\/emci.re\/wp-content\/uploads\/2024\/11\/20241107_100328-300x225.jpg 300w, https:\/\/emci.re\/wp-content\/uploads\/2024\/11\/20241107_100328-768x576.jpg 768w, https:\/\/emci.re\/wp-content\/uploads\/2024\/11\/20241107_100328-1536x1152.jpg 1536w, https:\/\/emci.re\/wp-content\/uploads\/2024\/11\/20241107_100328-380x285.jpg 380w, https:\/\/emci.re\/wp-content\/uploads\/2024\/11\/20241107_100328-285x214.jpg 285w, https:\/\/emci.re\/wp-content\/uploads\/2024\/11\/20241107_100328.jpg 1800w\" sizes=\"auto, (max-width: 1024px) 100vw, 1024px\" \/><figcaption class=\"wp-element-caption\">                                                                 Chantier octobre 2024<\/figcaption><\/figure>\n\n\n\n<figure class=\"wp-block-image size-large\"><img loading=\"lazy\" decoding=\"async\" width=\"1024\" height=\"768\" src=\"https:\/\/emci.re\/wp-content\/uploads\/2024\/11\/20241107_103759-1024x768.jpg\" alt=\"\" class=\"wp-image-3702\" srcset=\"https:\/\/emci.re\/wp-content\/uploads\/2024\/11\/20241107_103759-1024x768.jpg 1024w, https:\/\/emci.re\/wp-content\/uploads\/2024\/11\/20241107_103759-300x225.jpg 300w, https:\/\/emci.re\/wp-content\/uploads\/2024\/11\/20241107_103759-768x576.jpg 768w, https:\/\/emci.re\/wp-content\/uploads\/2024\/11\/20241107_103759-1536x1152.jpg 1536w, https:\/\/emci.re\/wp-content\/uploads\/2024\/11\/20241107_103759-380x285.jpg 380w, https:\/\/emci.re\/wp-content\/uploads\/2024\/11\/20241107_103759-285x214.jpg 285w, https:\/\/emci.re\/wp-content\/uploads\/2024\/11\/20241107_103759.jpg 1800w\" sizes=\"auto, (max-width: 1024px) 100vw, 1024px\" \/><\/figure>\n\n\n\n<figure class=\"wp-block-gallery has-nested-images columns-default is-cropped wp-block-gallery-1 is-layout-flex wp-block-gallery-is-layout-flex\">\n<figure class=\"wp-block-image size-large\"><img loading=\"lazy\" decoding=\"async\" width=\"1024\" height=\"768\" data-id=\"3283\" src=\"https:\/\/emci.re\/wp-content\/uploads\/2023\/10\/20230824_115819-1024x768.jpg\" alt=\"\" class=\"wp-image-3283\" srcset=\"https:\/\/emci.re\/wp-content\/uploads\/2023\/10\/20230824_115819-1024x768.jpg 1024w, https:\/\/emci.re\/wp-content\/uploads\/2023\/10\/20230824_115819-300x225.jpg 300w, https:\/\/emci.re\/wp-content\/uploads\/2023\/10\/20230824_115819-768x576.jpg 768w, https:\/\/emci.re\/wp-content\/uploads\/2023\/10\/20230824_115819-1536x1152.jpg 1536w, https:\/\/emci.re\/wp-content\/uploads\/2023\/10\/20230824_115819-380x285.jpg 380w, https:\/\/emci.re\/wp-content\/uploads\/2023\/10\/20230824_115819-285x214.jpg 285w, https:\/\/emci.re\/wp-content\/uploads\/2023\/10\/20230824_115819.jpg 2000w\" sizes=\"auto, (max-width: 1024px) 100vw, 1024px\" \/><figcaption class=\"wp-element-caption\"><strong>Chantier Septembre 2023<\/strong><\/figcaption><\/figure>\n\n\n\n<figure class=\"wp-block-image size-large\"><img loading=\"lazy\" decoding=\"async\" width=\"1024\" height=\"768\" data-id=\"3282\" src=\"https:\/\/emci.re\/wp-content\/uploads\/2023\/10\/20230824_115755-1024x768.jpg\" alt=\"\" class=\"wp-image-3282\" srcset=\"https:\/\/emci.re\/wp-content\/uploads\/2023\/10\/20230824_115755-1024x768.jpg 1024w, https:\/\/emci.re\/wp-content\/uploads\/2023\/10\/20230824_115755-300x225.jpg 300w, https:\/\/emci.re\/wp-content\/uploads\/2023\/10\/20230824_115755-768x576.jpg 768w, https:\/\/emci.re\/wp-content\/uploads\/2023\/10\/20230824_115755-1536x1152.jpg 1536w, https:\/\/emci.re\/wp-content\/uploads\/2023\/10\/20230824_115755-380x285.jpg 380w, https:\/\/emci.re\/wp-content\/uploads\/2023\/10\/20230824_115755-285x214.jpg 285w, https:\/\/emci.re\/wp-content\/uploads\/2023\/10\/20230824_115755.jpg 2000w\" sizes=\"auto, (max-width: 1024px) 100vw, 1024px\" \/><figcaption class=\"wp-element-caption\"><strong>Chantier Septembre 2023<\/strong><\/figcaption><\/figure>\n<\/figure>\n\n\n\n<figure class=\"wp-block-gallery has-nested-images columns-2 is-cropped wp-block-gallery-2 is-layout-flex wp-block-gallery-is-layout-flex\">\n<figure class=\"wp-block-image size-full\"><img loading=\"lazy\" decoding=\"async\" width=\"1000\" height=\"448\" data-id=\"2854\" src=\"https:\/\/emci.re\/wp-content\/uploads\/2022\/06\/3D.jpg\" alt=\"\" class=\"wp-image-2854\" srcset=\"https:\/\/emci.re\/wp-content\/uploads\/2022\/06\/3D.jpg 1000w, https:\/\/emci.re\/wp-content\/uploads\/2022\/06\/3D-300x134.jpg 300w, https:\/\/emci.re\/wp-content\/uploads\/2022\/06\/3D-768x344.jpg 768w\" sizes=\"auto, (max-width: 1000px) 100vw, 1000px\" \/><figcaption class=\"wp-element-caption\">3D<\/figcaption><\/figure>\n\n\n\n<figure class=\"wp-block-image size-full\"><img loading=\"lazy\" decoding=\"async\" width=\"1000\" height=\"562\" data-id=\"2860\" src=\"https:\/\/emci.re\/wp-content\/uploads\/2022\/06\/ESQ-BOISMATELOT-200819-3-1.jpg\" alt=\"\" class=\"wp-image-2860\" srcset=\"https:\/\/emci.re\/wp-content\/uploads\/2022\/06\/ESQ-BOISMATELOT-200819-3-1.jpg 1000w, https:\/\/emci.re\/wp-content\/uploads\/2022\/06\/ESQ-BOISMATELOT-200819-3-1-300x169.jpg 300w, https:\/\/emci.re\/wp-content\/uploads\/2022\/06\/ESQ-BOISMATELOT-200819-3-1-768x432.jpg 768w\" sizes=\"auto, (max-width: 1000px) 100vw, 1000px\" \/><figcaption class=\"wp-element-caption\">Image KHEPER ARCHITECTURE<\/figcaption><\/figure>\n\n\n\n<figure class=\"wp-block-image size-full\"><img loading=\"lazy\" decoding=\"async\" width=\"1000\" height=\"562\" data-id=\"2859\" src=\"https:\/\/emci.re\/wp-content\/uploads\/2022\/06\/ESQ-BOISMATELOT-200819-002-1.jpg\" alt=\"\" class=\"wp-image-2859\" srcset=\"https:\/\/emci.re\/wp-content\/uploads\/2022\/06\/ESQ-BOISMATELOT-200819-002-1.jpg 1000w, https:\/\/emci.re\/wp-content\/uploads\/2022\/06\/ESQ-BOISMATELOT-200819-002-1-300x169.jpg 300w, https:\/\/emci.re\/wp-content\/uploads\/2022\/06\/ESQ-BOISMATELOT-200819-002-1-768x432.jpg 768w\" sizes=\"auto, (max-width: 1000px) 100vw, 1000px\" \/><figcaption class=\"wp-element-caption\"> Image KHEPER ARCHITECTURE <\/figcaption><\/figure>\n<\/figure>\n\n\n\n<p><\/p>\n<p>Views: 550<\/p>","protected":false},"excerpt":{"rendered":"<p>Mission : Mission de maitrise d\u2019\u0153uvre Structure pour la construction de 57 LLTS &#8211; Saint Pierre &#8211; La R\u00e9union Ensemble de 4 immeubles de type R+3 \u00e0 R+4 \u00e0 usage de logements avec un niveau de sous-sol enterr\u00e9 ou semi-enterr\u00e9, \u00e0 usage de stationnement SHOB : 7 844 m\u00b2 &#8211; SHON : 3 462 m\u00b2<\/p>\n<p class=\"more-link\"><a href=\"https:\/\/emci.re\/?page_id=753\" class=\"themebutton\">Read More<\/a><\/p>\n","protected":false},"author":2,"featured_media":2860,"parent":1095,"menu_order":9,"comment_status":"closed","ping_status":"closed","template":"","meta":{"footnotes":""},"folder":[19],"class_list":["post-753","page","type-page","status-publish","has-post-thumbnail","hentry"],"_links":{"self":[{"href":"https:\/\/emci.re\/index.php?rest_route=\/wp\/v2\/pages\/753","targetHints":{"allow":["GET"]}}],"collection":[{"href":"https:\/\/emci.re\/index.php?rest_route=\/wp\/v2\/pages"}],"about":[{"href":"https:\/\/emci.re\/index.php?rest_route=\/wp\/v2\/types\/page"}],"author":[{"embeddable":true,"href":"https:\/\/emci.re\/index.php?rest_route=\/wp\/v2\/users\/2"}],"replies":[{"embeddable":true,"href":"https:\/\/emci.re\/index.php?rest_route=%2Fwp%2Fv2%2Fcomments&post=753"}],"version-history":[{"count":5,"href":"https:\/\/emci.re\/index.php?rest_route=\/wp\/v2\/pages\/753\/revisions"}],"predecessor-version":[{"id":3835,"href":"https:\/\/emci.re\/index.php?rest_route=\/wp\/v2\/pages\/753\/revisions\/3835"}],"up":[{"embeddable":true,"href":"https:\/\/emci.re\/index.php?rest_route=\/wp\/v2\/pages\/1095"}],"wp:featuredmedia":[{"embeddable":true,"href":"https:\/\/emci.re\/index.php?rest_route=\/wp\/v2\/media\/2860"}],"wp:attachment":[{"href":"https:\/\/emci.re\/index.php?rest_route=%2Fwp%2Fv2%2Fmedia&parent=753"}],"wp:term":[{"taxonomy":"folder","embeddable":true,"href":"https:\/\/emci.re\/index.php?rest_route=%2Fwp%2Fv2%2Ffolder&post=753"}],"curies":[{"name":"wp","href":"https:\/\/api.w.org\/{rel}","templated":true}]}}